36179 composite?
True
Is 16567295981 prime?
True
Is 2078317435 a composite number?
True
Is 6175497541 a composite number?
False
Is 2452387591 composite?
False
Is 604314197 a composite number?
True
Is 4276423303 composite?
False
Is 157360397 a composite number?
True
Is 2908319107 composite?
True
Is 22858639289 prime?
False
Is 109752257 a composite number?
True
Is 233219114893 a composite number?
False
Is 1060254913 a composite number?
True
Is 604248907 prime?
True
Is 4247040869 a prime number?
False
Is 29913726923 composite?
True
Is 661468391 composite?
False
Is 23788884751 a prime number?
False
Is 3497862611 a composite number?
False
Is 11561086609 a prime number?
True
Is 1701580187 prime?
False
Is 712475801 a composite number?
True
Is 48312408649 composite?
False
Is 3558478129 composite?
False
Is 2537811599 a composite number?
True
Is 6454626473 a composite number?
False
Is 1652038031 a prime number?
False
Is 66053051 composite?
False
Is 6552692743 composite?
False
Is 430201127 a composite number?
True
Is 38691151399 a composite number?
False
Is 6718141597 a prime number?
True
Is 770963021 composite?
False
Is 1150442203 composite?
True
Is 445558679 prime?
False
Is 2887418945 composite?
True
Is 570621327 composite?
True
Is 888833679 a prime number?
False
Is 22269147907 a prime number?
True
Is 56689259 prime?
False
Is 514531489 composite?
False
Is 1403133007 a composite number?
False
Is 23537249551 a composite number?
False
Is 7985703169 composite?
False
Is 76330849367 prime?
True
Is 500900111 prime?
True
Is 78907733 a prime number?
False
Is 1886526599 composite?
True
Is 1705331 composite?
False
Is 682411777 a composite number?
True
Is 5216295751 a composite number?
True
Is 412444261907 a composite number?
True
Is 1005665419 a prime number?
False
Is 52561148813 a prime number?
True
Is 18030481367 composite?
True
Is 257764318787 a prime number?
True
Is 21542003111 a composite number?
False
Is 523346801 a prime number?
True
Is 17534088959 prime?
True
Is 1286875427 composite?
True
Is 118333489 a prime number?
True
Is 386875369 a prime number?
True
Is 3137509177 a composite number?
True
Is 11882940529 composite?
False
Is 8707139179 a composite number?
False
Is 46725473269 a composite number?
False
Is 79317631291 prime?
True
Is 31190170607 a prime number?
True
Is 214377277 composite?
False
Is 153119358638 a composite number?
True
Is 1841779567 a composite number?
False
Is 52483132901 prime?
True
Is 2467736251 a composite number?
False
Is 4874248177 composite?
True
Is 10533104457 composite?
True
Is 73754657 a composite number?
False
Is 665186593 composite?
False
Is 9067733 composite?
False
Is 469049621 prime?
True
Is 3770637811 a composite number?
True
Is 197717911 a prime number?
False
Is 562948249 a composite number?
False
Is 926493059 composite?
True
Is 190276969 a prime number?
True
Is 11911881733 composite?
True
Is 130093586947 a composite number?
False
Is 35582865187 a prime number?
False
Is 2936702926 prime?
False
Is 65450645387 prime?
True
Is 527681389 a composite number?
False
Is 17357843579 a prime number?
True
Is 443291321 composite?
True
Is 2136958193 composite?
False
Is 4259497019 composite?
True
Is 51391021523 composite?
False
Is 81009557 a composite number?
True
Is 5672426189 prime?
False
Is 3763907699 a composite number?
True
Is 1837463279 a composite number?
True
Is 56992473029 composite?
True
Is 3405925779 composite?
True
Is 1210806511 a prime number?
True
Is 7317924811 a composite number?
True
Is 8743605059 a composite number?
True
Is 66271024129 a composite number?
True
Is 1130108081 a prime number?
True
Is 648794473 a prime number?
True
Is 11339834537 a composite number?
False
Is 11125933639 a composite number?
True
Is 20931460361 composite?
True
Is 1203145357 prime?
True
Is 621634799 prime?
False
Is 7466891441 prime?
False
Is 28349113942 a composite number?
True
Is 590619761 prime?
True
Is 2051662177 prime?
True
Is 709010261 prime?
True
Is 275509133 a prime number?
False
Is 150837893 composite?
True
Is 32218958479 a composite number?
False
Is 2177701151 a composite number?
True
Is 1745591893 a prime number?
False
Is 8835831727 a composite number?
False
Is 4512512443 a prime number?
False
Is 55392357017 a prime number?
True
Is 22669536509 a prime number?
True
Is 1252697821 prime?
True
Is 4045960391 prime?
False
Is 193739017519 a prime number?
True
Is 12478813561 composite?
False
Is 804870379 composite?
True
Is 36043822803 a prime number?
False
Is 639682933 prime?
True
Is 329871677 composite?
False
Is 933197861 a composite number?
False
Is 1508048887 a prime number?
False
Is 2667989279 a prime number?
True
Is 1196205697 composite?
True
Is 39056846173 prime?
False
Is 4339990217 composite?
False
Is 113499643 a composite number?
True
Is 1841985881 composite?
True
Is 1972410221 a prime number?
True
Is 25853019821 composite?
True
Is 32921456489 composite?
False
Is 2696256163 composite?
True
Is 54106433803 prime?
True
Is 409597679 composite?
False
Is 9298969643 composite?
False
Is 3237559607 a prime number?
False
Is 11682253529 a composite number?
False
Is 4361971771 a prime number?
False
Is 363897487 composite?
False
Is 24227935089 a prime number?
False
Is 1894426423 a prime number?
True
Is 5397281947 a prime number?
True
Is 4018280323 composite?
True
Is 625773823 a prime number?
True
Is 54808903 prime?
False
Is 2794439201 a prime number?
True
Is 9353332199 composite?
False
Is 8153751887 a prime number?
False
Is 2301442037 a composite number?
False
Is 115745501383 a composite number?
False
Is 56864481 prime?
False
Is 1288859021 a prime number?
True
Is 724399003 prime?
True
Is 186073451 a composite number?
True
Is 9803512129 composite?
True
Is 2057830241 composite?
False
Is 3617024461 composite?
False
Is 614101781 prime?
True
Is 14778828727 composite?
True
Is 810200971 a prime number?
False
Is 107421373781 a prime number?
True
Is 9430410189 composite?
True
Is 1678734787 a prime number?
False
Is 72354213889 prime?
True
Is 453571987 composite?
True
Is 43946821939 prime?
False
Is 344109202181 a prime number?
False
Is 21875910487 prime?
False
Is 6357995297 composite?
False
Is 960297823 prime?
True
Is 319457351 a composite number?
False
Is 14697519853 composite?
False
Is 193741467394 a composite number?
True
Is 71891306429 a composite number?
False
Is 7509099893 a composite number?
False
Is 120420149 prime?
True
Is 30894740861 prime?
True
Is 5072698597 composite?
True
Is 118255691 composite?
False
Is 6988599823 a prime number?
True
Is 16479964537 a prime number?
False
Is 485591395 prime?
False
Is 1400373463 composite?
True
Is 2165481061 composite?
True
Is 21676723547 composite?
False
Is 356454001 composite?
False
Is 150740596061 a prime number?
False
Is 2912499589 a prime number?
True
Is 104122414733 composite?
False
Is 4169785853 a composite number?
False
Is 2250001333 a prime number?
False
Is 1557296641 composite?
True
Is 227773561 composite?
True
Is 8652560041 prime?
False
Is 8162528057 a composite number?
False
Is 454786643 a composite number?
False
Is 39846461243 prime?
False
Is 2387020841 prime?
True
Is 23569329191 a prime number?
True
Is 401490259 composite?
True
Is 18410372941 a prime number?
True
Is 4389949331 a prime number?
False
Is 33385026341 a prime number?
True
Is 1277350693 a prime number?
True
Is 8349502061 a prime number?
False
Is 1262951341 a composite number?
False
Is 1895020493 composite?
False
Is 2576463899 a composite number?
False
Is 1470492733 prime?
False
Is 2408631749 prime?
False
Is 2816762789 a composite number?
False
Is 112809663237 a composite number?
True
Is 24419815601 a prime number?
True
Is 11316423343 a composite number?
False
Is 665404071 prime?
False
Is 11947335677 prime?
True
Is 106640689 a prime number?
False
Is 14202550447 a prime number?
True
Is 15971482559 composite?
True
Is 7433720533 a prime number?
False
Is 8947319767 prime?
False
Is 79254281 a prime number?
True
Is 7619337251 composite?
True
Is 169890011 a prime number?
False
Is 90841381 a composite number?
False
Is 265120673 composite?
False
Is 36557694427 prime?
False
Is 2601083699 a composite number?
False
Is 222883627 prime?
True
Is 7309880987 composite?
True
Is 20476917029 a prime number?
False
Is 59156144551 prime?
False
Is 1316214157